Calculate f(3).
-7
Let t(u) = u**2 + 4*u. Let v(w) = w + 1. Let c = 30 - 27. Let r(q) = c*v(q) - t(q). Calculate r(-3).
-3
Let r(b) = -b**3 + 2*b**2 + b - 2. Let w(z) = -z**2 + z + 5. Let d be w(2). Let h be ((-6)/(-2))/d*3. What is r(h)?
-8
Suppose 0 = -436*c + 427*c + 63. Let l(p) = -4*p + 41. Determine l(c).
13
Let b(k) be the third derivative of -1/120*k**6 - 1/8*k**4 - 5/6*k**3 + 0 - 39*k**2 - 1/15*k**5 + 0*k. Let v(t) = 5*t + 1. Let h be v(-1). Determine b(h).
7
Let w(r) be the second derivative of r**4/6 - r**3/3 + 6*r - 14. What is w(2)?
4
Let s(n) = n**2 - 3*n - 1. Let d = -36 - -43. Let k = -3 + d. What is s(k)?
3
Let c be ((-115)/115)/((-1)/(-7)). Let l(s) = -s**2 - s + 31. Calculate l(c).
-11
Let f(r) = 8*r + 9. Let a(v) = -7*v - 6. Let m(q) = 5*a(q) + 4*f(q). Calculate m(6).
-12
Let f(k) = -133*k + 5*k**2 + 136*k - 2*k**2 - 2 + 5 - 2*k**3. Determine f(3).
-15
Suppose -2 - 2 = -2*n. Let i = -5 + 8. Let p(c) = -4*c**3 - c**2 + c + 2. Let g(b) = 5*b**3 - b - 2. Let l(m) = i*p(m) + n*g(m). What is l(-2)?
4
Suppose 3*x + 8 = -5*i - 2, 0 = x - 4*i + 9. Let v(b) = 0 - 2 + 2*b**2 + 2*b + 0*b**2 - b**2. Calculate v(x).
13
Let r(t) = -t**3 + t**2 + t - 1. Let v = 6 - 1. Let y(n) = -6*n**3 - n**2 - 1. Let o(m) = v*r(m) - y(m). Determine o(-4).
8
Let w(i) be the second derivative of -i**5/60 - i**4/12 + i**3/3 - i**2 - 13*i. Let n(d) be the first derivative of w(d). Give n(-3).
-1
Let v(r) = r**2 - 7*r + 7. Let y(g) = 15*g**2 + 5*g + 4. Let h be y(-1). Let b(l) = l**3 - 14*l**2 + 2*l - 21. Let x be b(h). Determine v(x).
7
Let b be 4/8*-8 + 2. Let t(k) = 3*k - 2. Let g(z) = 4*z - 3. Let i(c) = b*g(c) + 3*t(c). What is i(-2)?
-2
Let i(n) be the second derivative of 5*n**3/3 + n**2/2 + 4*n + 7. Let j be i(0). Let z(f) = 14*f - 1. Give z(j).
13
Let q(j) = j**2 - 3*j + 5. Let x(d) = 5*d + 2 - 3*d - 5*d**2 + 10 + 0*d + d**3. Let m be x(4). Calculate q(m).
9
Let p = -3 - -3. Suppose m + p + 1 = 0. Let f be (m - 1)*(-1)/2. Let c(h) = 8*h. What is c(f)?
8
Let s(a) = -a**3 + 11*a**2 - 13*a + 15. Suppose -5*t - 3*b + b = -42, 3*b = 2*t - 32. Give s(t).
-15
Let k(f) = 5*f + 7. Let q(w) = -2*w**3 + 33*w**2 - 15*w - 21. Let r be q(16). Give k(r).
-18
Suppose -3*q - 156 + 46 = 5*m, -m + 5*q - 50 = 0. Let f be 5*(105/m + 3). Let i(p) = 12*p + 18*p - 31*p - 9. Give i(f).
-3
Let c be 5*((-12)/5)/(-3). Suppose 0 = c*h + a - 13, -5*h + 3*a + 13 = a. Let v(f) = 0 - 1 + f - 3*f. Determine v(h).
-7
Suppose 5*n + 20 - 5 = 0. Let r(y) = -1612*y + 805*y + 803*y. Give r(n).
12
Let x(o) = -3*o**2 + 6*o - 6. Let c(n) = n**2 + 1. Let v(y) = 2*c(y) + x(y). Suppose 29 = 6*q - 13. Determine v(q).
-11
Let o = 20 - 34. Let y = -11 - o. Let m(a) = 2*a**2 + 0*a**2 + 4 - y*a**2 - 4*a - a. Give m(-6).
-2
Let v(h) be the first derivative of -7 + 3/2*h**2 + 6*h. Let s be v(-3). Let n(j) = -j**3 - 3*j**2 - 3*j + 4. Determine n(s).
13
Let x(t) = t**3 - 6*t**2 + t - 1. Let o(i) = 5*i + 1. Suppose 2*s - 3*s - 3*v - 14 = 0, 0 = 3*s - 2*v - 13. Let w be o(s). What is x(w)?
5
Let x(f) be the second derivative of f**3/6 - f**2/2 - f. Let j = -11 - -8. Let o be (4 - (-52)/(-12)) + (-1)/j. Determine x(o).
-1
Let p(o) be the third derivative of o**5/60 + o**4/4 + o**3/2 + 190*o**2. Calculate p(-7).
10
Suppose 4 = 14*i - 12*i. Suppose 2*p = -2*p + i*u + 20, u = -p - 1. Suppose 0 = -p*m + 24 - 6. Let s(j) = j**2 - 5*j - 5. What is s(m)?
1
Let h(o) = -2*o**3 - o**2 + 2*o - 3. Let k(t) = 2*t**2 + 80*t + 154. Let u be k(-2). Calculate h(u).
-19
Let x(a) = 2*a**2 - 28*a - 30. Let h be x(15). Let r(y) = -y - 41. What is r(h)?
-41
Let h(f) = 1 + f + 0 - f**3 + 2*f**2 - 3*f**2. Let b(r) = -r**3 + 3*r**2 + 4*r - 5. Let w be b(3). Suppose 5 = 2*j - w*j. Calculate h(j).
0
Let m(j) = -2*j**2 - 2*j. Suppose -38*p + 37*p + 6 = 5*v, -3*p + 4 = v. Determine m(v).
-4
Suppose -3*o + 7*o = 12. Let j(t) be the third derivative of 1/24*t**4 + 0 + 1/3*t**3 + 2*t**2 + 0*t. Calculate j(o).
5
Let z(s) be the third derivative of 0 + 1/40*s**6 - 1/60*s**5 - 1/6*s**3 + 0*s + 1/12*s**4 - 10*s**2. Suppose 5*m = 3*j + 2, -m + 3*j = 2*m. Give z(m).
3
Let n(y) = -40*y - 125. Let a be n(-3). Let i(d) = -4*d - 16. Determine i(a).
4
Suppose 2*m - 11 = 3*m + 5*h, h - 37 = -3*m. Suppose m = 10*t - 3*t. Let u(v) = 3*v**3 - 2*v**2 - 3*v + 2. What is u(t)?
12
Let l = 4 + 1. Let v(r) = 13 - l - 10 + r**2 + 6*r. Let w(o) = -o**2 + o + 1. Let t be w(3). Give v(t).
-7
Let k = -10 - -13. Let a(g) = -3*g**2 - 2 + 17593*g + g**3 - 2*g**2 - 17588*g. Determine a(k).
-5
Let i(s) = s**2 + 4*s - 7. Let f(h) = -40*h + 76. Let c be f(2). Calculate i(c).
-7
Let n(k) = 15 - 8*k - 8 + 2*k**2 - 5 - k**2. Determine n(3).
-13
Suppose 2*d + 5 = -1. Let c(o) = o**3 - 3 + 4*o**2 + 5*o + 0*o**2 - 2*o. Determine c(d).
-3
Let t be (2 + -3)/8 + 252/224. Let c(u) = -7*u**3 + u**2 - u + 1. Determine c(t).
-6
Let d(h) = -1061 + 522 - h + 512 + 0*h. Determine d(-24).
-3
Let h(w) be the second derivative of w**4/6 + w**3/2 - 27*w - 2. Determine h(3).
27
Let v(s) = 9 + 23*s**2 + s**3 + 0 - 1 + 2*s - 45*s**2 + 21*s**2. Give v(0).
8
Let z(s) = -s**3 - 2*s**2 + s - 2. Let f(v) = -5*v**3 - 7*v**2 + 6*v + 1. Let j(y) = f(y) - 4*z(y). Calculate j(0).
9
Let f(k) = -4*k**2 - 2*k - 7. Let g(x) = -17*x**2 - 8*x - 30. Let m(a) = 26*f(a) - 6*g(a). Calculate m(-4).
-18
Let d(y) = -y**3 - 3*y**2 + 2. Let n be (-12)/(-8)*(-8)/(-6). Let j(i) = -10 - 4*i + n + 9. Let l be j(1). Calculate d(l).
2
Let p be 0 + (-2 + 4 - -7). Let m(f) = 289 - 9*f**2 + 280 + 281 + f**3 - 849. What is m(p)?
1
Let t(k) = -866 - 2*k + 866. Let v(w) = -6*w. Let a(n) = -8*t(n) + 3*v(n). Determine a(6).
-12
Let j = -166 - -159. Let a(b) = -b**3 - 6*b**2 + 8*b. Give a(j).
-7
Let t(k) = 5*k**2 - 8*k + 5. Let v(q) be the first derivative of 2*q**3/3 - 3*q**2/2 + 2*q + 1. Let r(w) = 3*t(w) - 8*v(w). Suppose 2*n + 2*n = 0. Give r(n).
-1
Let k(d) = -3*d**3 - d**2 - 2*d + 2. Let r(i) = i**3 + i. Let a(z) = -k(z) - 2*r(z). Determine a(2).
10
Let f(g) = -11*g - 8*g - 3 - 10*g - 18*g + 50*g - 10*g. Let d be -3*4*(-4)/(-6). Let i be 4/6 + d/3. Give f(i).
11
Let m(g) be the second derivative of -3/2*g**2 + 0 - 1/12*g**4 - 28*g - 5/6*g**3. Calculate m(-3).
3
Let u(i) = -i**2 - i - 2. Let l(h) be the third derivative of h**5/60 + h**4/12 - h**3/3 + 9*h**2. Let k be l(0). Give u(k).
-4
Let m(y) = y**3 - 5*y**2 + 3. Let g be m(6). Let u = g + -46. Let s(x) = -x - 13. What is s(u)?
-6
Let a = 9 + -3. Let z = -2 - a. Let l = -5 - z. Let o(g) = -g**3 + 5*g**2 - 4*g. What is o(l)?
6
Let q(t) = -t**3 - t**2 + t. Let p be 36/8 + (-2)/(-4). Let i(c) = 4*c**3 + 9*c**2 - 6*c + 2. Let b(k) = p*q(k) + i(k). Suppose -4*x + 11 + 5 = 0. Give b(x).
-2
Let j(c) be the second derivative of c**3/3 - 11*c**2/2 - 4*c - 7. Calculate j(0).
-11
Let a(x) = -x**2 - 45*x + 38. Let m(i) = i**2 + 36*i - 38. Let h(n) = -4*a(n) - 5*m(n). Give h(0).
38
Let c(i) = 486*i - 483. Let f be c(1). Let k(x) = -4*x**3 - 8*x**2 + 9*x + 12. Let w(u) = -u**3 - 3*u**2 + 3*u + 4. Let p(v) = -2*k(v) + 7*w(v). Calculate p(f).
-5
Let p(t) = t**2. Let n(v) = -26*v**2 + 17*v**2 + 10*v**2. Let w(r) = -5*n(r) + 4*p(r). Determine w(0).
0
Let p(s) = -s**3 + 4*s**2 + 6*s - 6. Let d(c) = -c**3 + 2*c**2 - 2*c - 2. Let u be d(2). Suppose 0 = 2*a + 3*a + 130. Let l be 6/9 + a/u. Determine p(l).
-1
Let r(k) = k**3 - 6*k**2 + 7*k. Suppose -u + 5*u = 56. Suppose -v = 4*m + u, 2*v + 3*m + 6 = -v. Let w be 4/(v*-2) + 6. Determine r(w).
10
Let f be (3/2)/(21/(-14) - -2). Suppose 9*h = f*h + 30. Let o(k) be the second derivative of -k**4/12 + 7*k**3/6 - k**2/2 - k. Determine o(h).
9
Let o(b) = 11*b - 13. Let c(s) = s**3 - 6*s**2 + 8*s + 4. Let w be c(4). What is o(w)?
31
Suppose n + n + 5*d = -207, -2*d - 486 = 5*n. Let i = n + 90. Let j(c) = c**2 + 8*c + 8. What is j(i)?
-4
Suppose -4*t + 153 = y - 4*y, -t - y + 33 = 0. Let n(k) = -70*k + k**2 + 26*k - 1 + t*k. What is n(7)?
-8
Let j(p) = -29 + 45 + 19*p - 22*p. Determine j(7).
-5
Let f(j) = 137*j + 3 - 76*j - 65*j + 1 + 1. What is f(4)?
-11
Let f(p) = 5*p - p**2 + 33 - 16 - 22. What is f(4)?
-1
Suppose 4*z - 5 = -3*j, 3*z + z + j - 7 = 0. Let c(q) = 3*q + 1. Calculate c(z).
7
Let p be (-10)/4*(-2 + -2 + 2). Suppose p*r - 18 = 17. Let k(d) = -d**3 + 7*d**2 + 3. Determine k(r).
3
Let a be 9/(-2)*-2 - 2 - 3. Let d(q) = 0*q**2 + 5 + q**2